
2
Calculate the remainder when 353 is divided by 150.
53
What is the remainder when 745 is divided by 80?
25
What is the remainder when 5337 is divided by 333?
9
What is the remainder when 112 is divided by 38?
36
Calculate the remainder when 726 is divided by 215.
81
Calculate the remainder when 213 is divided by 60.
33
Calculate the remainder when 647 is divided by 26.
23
What is the remainder when 472 is divided by 11?
10
Calculate the remainder when 25588 is divided by 10.
8
Calculate the remainder when 108 is divided by 32.
12
What is the remainder when 1467 is divided by 30?
27
Calculate the remainder when 8097 is divided by 45.
42
Calculate the remainder when 2621 is divided by 75.
71
Calculate the remainder when 192 is divided by 99.
93
Calculate the remainder when 1354 is divided by 105.
94
What is the remainder when 502 is divided by 134?
100
Calculate the remainder when 1325 is divided by 8.
5
Calculate the remainder when 1176 is divided by 391.
3
Calculate the remainder when 1072 is divided by 136.
120
Calculate the remainder when 1875 is divided by 10.
5
Calculate the remainder when 1033 is divided by 74.
71
What is the remainder when 1305 is divided by 215?
15
What is the remainder when 719 is divided by 39?
17
What is the remainder when 332 is divided by 26?
20
What is the remainder when 492 is divided by 28?
16
Calculate the remainder when 251 is divided by 4.
3
Calculate the remainder when 797 is divided by 206.
179
What is the remainder when 238 is divided by 35?
28
What is the remainder when 657 is divided by 22?
19
What is the remainder when 55 is divided by 21?
13
Calculate the remainder when 3002 is divided by 735.
62
Calculate the remainder when 2406 is divided by 127.
120
Calculate the remainder when 978 is divided by 44.
10
What is the remainder when 544 is divided by 535?
9
What is the remainder when 55 is divided by 32?
23
What is the remainder when 282 is divided by 91?
9
What is the remainder when 848 is divided by 18?
2
Calculate the remainder when 121 is divided by 36.
13
What is the remainder when 402 is divided by 71?
47
What is the remainder when 76 is divided by 12?
4
What is the remainder when 179 is divided by 13?
10
Calculate the remainder when 73 is divided by 1.
0
Calculate the remainder when 201 is divided by 121.
80
What is the remainder when 187 is divided by 42?
19
What is the remainder when 1625 is divided by 22?
19
What is the remainder when 617 is divided by 103?
102
What is the remainder when 259 is divided by 86?
1
Calculate the remainder when 374 is divided by 11.
0
What is the remainder when 1031 is divided by 22?
19
What is the remainder when 1083 is divided by 540?
3
What is the remainder when 502 is divided by 36?
34
Calculate the remainder when 2608 is divided by 90.
88
Calculate the remainder when 819 is divided by 33.
27
Calculate the remainder when 503 is divided by 63.
62
What is the remainder when 8 is divided by 7?
1
Calculate the remainder when 132 is divided by 68.
64
What is the remainder when 88 is divided by 48?
40
Calculate the remainder when 1610 is divided by 14.
0
Calculate the remainder when 307 is divided by 110.
87
Calculate the remainder when 779 is divided by 65.
64
Calculate the remainder when 305 is divided by 18.
17
Calculate the remainder when 220 is divided by 70.
10
What is the remainder when 16016 is divided by 9?
5
What is the remainder when 974 is divided by 961?
13
Calculate the remainder when 455 is divided by 330.
125
Calculate the remainder when 90 is divided by 20.
10
Calculate the remainder when 11494 is divided by 44.
10
What is the remainder when 48 is divided by 14?
6
What is the remainder when 173 is divided by 29?
28
Calculate the remainder when 32215 is divided by 89.
86
What is the remainder when 361 is divided by 187?
174
What is the remainder when 1141 is divided by 161?
14
Calculate the remainder when 830 is divided by 424.
406
What is the remainder when 2453 is divided by 799?
56
Calculate the remainder when 36747 is divided by 50.
47
Calculate the remainder when 31 is divided by 7.
3
What is the remainder when 2120 is divided by 705?
5
What is the remainder when 191 is divided by 59?
14
Calculate the remainder when 31 is divided by 15.
1
Calculate the remainder when 491 is divided by 459.
32
Calculate the remainder when 355 is divided by 8.
3
Calculate the remainder when 981 is divided by 30.
21
What is the remainder when 1211 is divided by 32?
27
What is the remainder when 549 is divided by 409?
140
Calculate the remainder when 305 is divided by 14.
11
What is the remainder when 330 is divided by 170?
160
What is the remainder when 238 is divided by 99?
40
Calculate the remainder when 3528 is divided by 107.
104
What is the remainder when 451 is divided by 31?
17
What is the remainder when 162 is divided by 45?
27
Calculate the remainder when 299 is divided by 43.
41
Calculate the remainder when 241 is divided by 15.
1
Calculate the remainder when 424 is divided by 402.
22
Calculate the remainder when 658 is divided by 115.
83
What is the remainder when 374 is divided by 9?
5
What is the remainder when 932 is divided by 112?
36
What is the remainder when 66598 is divided by 30?
28
Calculate the remainder when 439 is divided by 133.
40
What is the remainder when 442 is divided by 5?
2
What is the remainder when 22 is divided by 16?
6
Calculate the remainder when 17109 is divided by 8.
5
What is the remainder when 352 is divided by 32?
0
Calculate the remainder when 381 is divided by 65.
56
Calculate the remainder when 4078 is divided by 60.
58
Calculate the remainder when 1796 is divided by 298.
8
What is the remainder when 74 is divided by 19?
17
Calculate the remainder when 150 is divided by 11.
7
Calculate the remainder when 434 is divided by 96.
50
What is the remainder when 63 is divided by 50?
13
What is the remainder when 147 is divided by 25?
22
Calculate the remainder when 17917 is divided by 56.
53
What is the remainder when 196 is divided by 45?
16
Calculate the remainder when 6458 is divided by 85.
83
Calculate the remainder when 1537 is divided by 57.
55
Calculate the remainder when 5656 is divided by 21.
7
Calculate the remainder when 258 is divided by 34.
20
Calculate the remainder when 434 is divided by 433.
1
What is the remainder when 566 is divided by 41?
33
Calculate the remainder when 186 is divided by 57.
15
Calculate the remainder when 945 is divided by 51.
27
Calculate the remainder when 455 is divided by 5.
0
What is the remainder when 674 is divided by 170?
164
Calculate the remainder when 446 is divided by 56.
54
What is the remainder when 593 is divided by 4?
1
What is the remainder when 90 is divided by 43?
4
What is the remainder when 84 is divided by 54?
30
What is the remainder when 535 is divided by 29?
13
What is the remainder when 10059 is divided by 43?
40
What is the remainder when 475 is divided by 44?
35
What is the remainder when 100 is divided by 47?
6
Calculate the remainder when 229 is divided by 52.
21
Calculate the remainder when 567 is divided by 114.
111
What is the remainder when 525 is divided by 76?
69
What is the remainder when 406 is divided by 30?
16
Calculate the remainder when 521 is divided by 9.
8
Calculate the remainder when 167 is divided by 19.
15
Calculate the remainder when 203 is divided by 51.
50
What is the remainder when 333 is divided by 80?
13
Calculate the remainder when 7621 is divided by 77.
75
What is the remainder when 58 is divided by 12?
10
What is the remainder when 187 is divided by 69?
49
What is the remainder when 31 is divided by 4?
3
Calculate the remainder when 1317 is divided by 73.
3
Calculate the remainder when 363 is divided by 52.
51
What is the remainder when 98 is divided by 78?
20
What is the remainder when 294 is divided by 52?
34
Calculate the remainder when 179 is divided by 37.
31
What is the remainder when 236 is divided by 6?
2
Calculate the remainder when 65 is divided by 9.
2
Calculate the remainder when 155 is divided by 73.
9
What is the remainder when 5176 is divided by 140?
136
What is the remainder when 8034 is divided by 141?
138
Calculate the remainder when 370 is divided by 14.
6
What is the remainder when 8274 is divided by 60?
54
W